-4). Let b = z - k. Calculate the greatest common divisor of 7 and b.
7
Let c = -9 - -192. Suppose -2*t + 7*t - 4*r + 375 = 0, 0 = 2*t + 5*r + c. Let h = t + 82. Calculate the greatest common divisor of h and 30.
3
Let o = 129 - 128. Suppose 3*q = 4*w - 312, 2*q - 251 = w - 4*w. Let v be 202/18 - 18/w. What is the greatest common factor of v and o?
1
Suppose 2*r - 3*m = -195, -r - 3*r - 2*m = 414. Let w = -76 - r. Suppose 5*b - 320 = l, -3*b = -8*l + 3*l - 170. What is the greatest common divisor of b and w?
13
Let v = 1247 - -56. Calculate the highest common factor of v and 1.
1
Let x = 423 + -135. Suppose -5*r - 15 = -2*u, 0*r - 2*r + 5*u = 6. Let m be ((-72)/(-2) - (r - -3))/1. What is the highest common factor of m and x?
36
Let l(a) = -a**2 - 87*a - 1145. Let y be l(-17). Calculate the highest common factor of 40 and y.
5
Let d = 95 - 95. Let v be d + (4/3)/((-2)/(-27)). Suppose -2*u + 146 = -16. Calculate the greatest common factor of u and v.
9
Suppose -30*j + 1590 = 129*j. Calculate the highest common divisor of j and 2840.
10
Let o(h) = 11*h**2 + 1. Let q be o(-1). Let m = 129 - 96. Suppose -m*u + 84 = -15. Calculate the highest common factor of q and u.
3
Let d be (((-1468)/(-3))/(-2))/((-10)/15). Let x = d + -220. Let i be x/15 - (-3)/15. Calculate the highest common factor of i and 80.
10
Suppose -32*l + 77*l = 0. Let m = -52 - -92. Suppose 5*z - 13*z + m = l. What is the highest common factor of 35 and z?
5
Suppose 0 = -4*b - 12, 4*b - 703 = -3*p - 2*p. Calculate the greatest common divisor of p and 737.
11
Let v(d) = 132*d**3 + 2*d**2 - 4*d + 2. Let q = 89 + -88. Let i be v(q). What is the greatest common factor of i and 24?
12
Suppose -2*n - n = 6, -n - 82 = -5*k. Suppose 0 = k*f - 17*f + 3. Let c be 2/(7/3 - 2). Calculate the highest common factor of f and c.
3
Suppose -c = 2*s - 24, -4*c - 3*s = 2*s - 90. Suppose -c*o - 1200 = -28*o. What is the greatest common factor of o and 375?
75
Let z = -254 + 280. Calculate the highest common factor of z and 8424.
26
Let k = 4187 - 4009. Let n be 3/6*(-1 + 1247). What is the highest common factor of k and n?
89
Suppose q = 5*i - 2*q - 120, 2*i = -2*q + 32. Let y be (-14)/20*(-24824)/406 + 4/(-5). What is the highest common factor of y and i?
21
Let k be -1 - ((-109 - 4) + 2). Let n = -91 - -96. Suppose 4*p = -3*o + 55, 4*p = n*p - 3*o + 5. Calculate the highest common divisor of k and p.
10
Let k = -3074 + 3003. Suppose 0*u - 188 = 5*u - 2*z, -2*z = -8. Let f = u - k. Calculate the greatest common factor of 14 and f.
7
Let r = -592 - -1313. Let s = r + -402. What is the highest common divisor of s and 29?
29
Let c(o) = 185*o**2 + 809*o + 18. Let m be c(-17). What is the highest common factor of 290 and m?
290
Let i be (-48)/9*(-1 - 2). Suppose 0 = -4*k - 3*l + 34, -2*k - 4*l + 2*l + i = 0. Let f = k - -2. Calculate the highest common factor of f and 6.
6
Let s be (-12)/(-3) + (-50563)/(-59). What is the greatest common factor of s and 492?
123
Let z(m) = -m**3 - 2*m**2 + 14*m - 15. Let x be z(-6). Let s = x - 36. Suppose 0 = -s*i - 195 + 573. What is the highest common factor of i and 105?
21
Let x(n) = 2*n**3 - 32*n**2 + 64*n - 88. Let s be x(14). Calculate the greatest common factor of 1952 and s.
8
Let m(q) = -50*q + 5. Let w be m(3). Let x = -113 - w. What is the greatest common factor of x and 80?
16
Let l(p) = -2*p**3 + 6*p**2 + 3*p - 3. Let c be l(3). Let a(g) = -c*g + 11*g + 3*g - 5*g - 10. Let v be a(6). Calculate the greatest common divisor of v and 56.
8
Suppose -28*b - 4*b = -113 - 15119. What is the highest common divisor of b and 140?
28
Suppose 0 = -2*r - 2*r + 12. Let x be (1566/(-1392))/((-3)/216). What is the greatest common divisor of r and x?
3
Suppose 0 = -8*n - 7*n + 135. Suppose 4*g - 338 = -n*g. Calculate the greatest common divisor of 208 and g.
26
Let u(a) = -73*a**3 - 1. Let p be u(-1). Let n = -67 + p. Suppose 0 = 3*c + 2*r - 64, n*c - 5*r - 167 + 27 = 0. What is the highest common divisor of 18 and c?
6
Let i = -261 - -288. Let c be (4 - 2)/(18/i) + 117. What is the greatest common divisor of 72 and c?
24
Suppose 0 = j - 6. Let p be ((-16)/(-12))/(2/j). Calculate the highest common divisor of 124 and p.
4
Let f(d) = d**3 - 7*d**2 - 6*d - 11. Let n be f(8). Suppose 2*h + 5*z = 243, -n*h + 374 + 243 = 3*z. What is the greatest common divisor of 31 and h?
31
Suppose 240*c - 2937 = 237*c. Let i = c - 903. What is the greatest common divisor of 418 and i?
38
Suppose 2*g - 3*u + 3 - 36 = 0, u + 3 = 0. Let x be (-12)/9*(-1)/((-80)/90)*-10. What is the highest common factor of g and x?
3
Let i be (2 + 0)/(10/1015). Suppose -g - 27 = -i. What is the greatest common factor of g and 22?
22
Suppose -p - 5*c - 34153 - 29490 = 0, -3*c = 4*p + 254589. Let a be p/(-540) - 4/(-30). What is the highest common factor of a and 2?
2
Let f = -550 - -632. Let r be 6 - 0 - (-174 + f). What is the greatest common factor of 112 and r?
14
Suppose 15*l - 5*x - 2515 = 10*l, 2*l - 1026 = -3*x. Calculate the greatest common factor of l and 156.
39
Let a be 7 + 1 + ((-13536)/(-2))/18. Calculate the greatest common factor of 6 and a.
6
Let t(o) = -o**3 + 9*o**2 - 25*o - 216. Let k be t(-8). Calculate the highest common factor of 16 and k.
16
Let r be 13/(-39)*(-1 - 14). Suppose -3*b + 23 = r. What is the greatest common divisor of b and 438?
6
Let i be (-3)/(15/9 - 2) + 63. Let y(g) = -g**3 + 2*g**2 + 9*g + 6. Let k be y(-6). What is the highest common divisor of i and k?
24
Suppose -100 = -4*t - t. Suppose 5*q - 7*q - 128 = -3*s, -2*s - 3*q = -81. Let n be s/(-5)*200/(-12). Calculate the highest common divisor of t and n.
20
Suppose 3*s - 3*b - 147 = 51, 0 = 5*s - b - 342. Calculate the highest common divisor of 6 and s.
3
Let d(j) = 11*j**2 + 0*j**2 + 110 - 10*j - 118. Let w be d(-1). What is the greatest common divisor of 13 and w?
13
Suppose -36*l + 19348 - 5740 = 0. What is the highest common factor of l and 98?
14
Suppose 5*f = 2 + 3. Let m be -6 + 9 - 1/f. Let t be (-106)/(-6) + (-1)/(-3). Calculate the greatest common factor of m and t.
2
Let p = -41 + 16. Let q = -6 - p. Suppose -2*n + 2*d + 150 = 0, 2*n = -n + 2*d + 226. What is the greatest common divisor of q and n?
19
Suppose 5*k - 129 = -0*k + 4*q, 2*k = -q + 49. Let n(b) = 2*b + 1. Let w be n(2). Let a be 10 + w/(-15)*0. Calculate the highest common factor of k and a.
5
Suppose 9*a + 68*a + 75*a - 124944 = 0. What is the greatest common factor of a and 12?
6
Let o = -1325 + 2125. What is the highest common divisor of o and 25?
25
Let s = -26410 - -41326. Calculate the greatest common factor of s and 11.
11
Let g(z) = -558*z**3 - z**2 + 3*z + 4. Let p be g(-1). Suppose 10*n - p = -58. Calculate the highest common factor of n and 650.
50
Let g(b) = b**2 - 3. Let w be g(-2). Let c be (1 + w/2)*8. Let l = 18 + c. Calculate the highest common factor of l and 12.
6
Suppose 0 = o - 4*g + 10, -4*g + 15 - 3 = 0. Suppose 0 = -41*v - 5*v + 4*j + 704, -80 = -3*v - 4*j. Calculate the highest common factor of o and v.
2
Let q be (258/(-15))/(8/26840). Let h be ((-3)/2)/(129/q). What is the greatest common factor of 11 and h?
11
Suppose 0 = -102*h + 4741 + 665. Let r = 312 + -47. What is the greatest common factor of r and h?
53
Let k(b) = -2*b**3 - 11*b**2 + 3*b - 13. Let i be k(-6). What is the greatest common factor of i and 2570?
5
Suppose 2*g - 9792 = -2*g - 4*m, -g = -m - 2448. Calculate the highest common divisor of g and 80.
16
Let s(z) = -z**3 - 7*z**2 + 5*z + 8. Let w(a) = -a**3 + 14*a**2 - 14*a + 4. Let n be w(13). Let c be s(n). Calculate the highest common factor of c and 50.
25
Suppose 13 = i - 23. Let a(g) = -1 + 0*g + 2*g + 0 - 16. Let m be a(22). Calculate the greatest common divisor of i and m.
9
Suppose 15*r - 4*v - 111152 = 0, 54 = -3*v + 75. Calculate the highest common divisor of r and 68.
68
Let p(o) = o**2 + 8*o - 494. Let j be p(20). Calculate the greatest common factor of j and 20658.
66
Suppose -15*j - 41*j + 140 = -52*j. Let w be (-35 + 0)*(-5 + 1). Calculate the greatest common divisor of w and j.
35
Suppose 0 = -3*x + 37 - 10. Suppose x*d - 34 = 47. Suppose -h = 10*h - 891. Calculate the highest common divisor of h and d.
9
Suppose -403*k = -402*k - 21762. Suppose 6*i = 33*i - k. Calculate the greatest com